387 = 5*i. Is k prime?
True
Let p be 2*(2/8)/1*6. Suppose -2*k + 2061 = c + 297, -3*k = p*c - 5307. Is c a composite number?
True
Let c(h) = 11*h**3 - 14*h**2 - 4*h - 10. Let u = 102 + -95. Is c(u) prime?
True
Suppose -3*m - 2*m + 12835 = 0. Let z = -1210 + m. Is z a prime number?
False
Let x(g) = -g**3 + 9*g**2 + 9*g + 10. Let s be x(10). Suppose -5*c + 3*p + 1487 = s, -p = -2*c + 609 - 15. Is c a composite number?
True
Suppose -5*q - 4 = -s - 29, -4*q = s - 20. Suppose s*k = -3*k + 15. Suppose 5*f + 2128 = -0*h + 4*h, k*h + f - 2631 = 0. Is h a prime number?
False
Let y(u) = -13 - 18*u**3 + 2*u**2 - 6*u**2 + 17*u**3 + 10*u. Is y(-8) composite?
False
Let q(c) = -2099*c - 130. Is q(-13) a prime number?
False
Suppose 6*v - 17 = 2*v - r, -v + 28 = 5*r. Suppose -v*o - 8 = -23. Suppose o*k - 1055 = -5*m, -2*k + 426 = 6*m - 2*m. Is k a prime number?
False
Suppose 22 = 18*j - 50. Let r be (-86)/(-3)*15/2. Suppose 0 = j*g - 1227 + r. Is g a composite number?
True
Suppose -f + 6050 - 39809 = -2*k, 3*k - 5*f - 50642 = 0. Is k prime?
True
Suppose -3*n - 3*j = -14076, -9385 = -2*n - 0*n - 3*j. Is n prime?
True
Is ((-3)/9)/((91/(-26439))/13) prime?
True
Suppose 4*z - 5*k - 19019 = -0*k, 9 = -3*k. Is z composite?
False
Let k = -187 - -180. Let m be 5*(1 - (-14)/2). Let p = m - k. Is p a prime number?
True
Let o(w) = 4791*w**3 - w**2 - 6*w + 7. Is o(1) a composite number?
True
Suppose -5*q + 39 = 4*o, -3*o + q + 12 = -q. Suppose 2*w - 12274 = -5*i, -4*w = -i + o*i - 24528. Is w composite?
True
Let m(s) = 3*s - 2 - 2*s**2 + s + 2*s**2 + s**2. Let k be m(-5). Suppose -2*x = k*x - 1285. Is x prime?
True
Let b(k) = -12*k**3 - 7*k**2 - k + 1. Let w be b(7). Let y = w + 12146. Is y composite?
False
Is -3*(2 + 38065/(-15)) prime?
True
Let w = -1151 + 5698. Is w a prime number?
True
Suppose 4*b = 4, x - 1 = 5*b - 0. Suppose -12 = -2*v - x. Suppose 5*j = -v*f + 76, j + f - 6*f - 4 = 0. Is j prime?
False
Suppose 39*k - 47540 = 106822. Is k prime?
False
Let v be (39 + -1)/((-2)/(-76)). Suppose -v = 5*h - 9*h. Is h composite?
True
Let b(w) = 90*w - 13. Is b(13) prime?
False
Suppose -10*z + 56864 + 319206 = 0. Is z composite?
False
Let t = -13 + 17. Suppose -2*c - 29 = -c - t*g, 5*c + 2*g = -233. Let n = 14 - c. Is n a composite number?
False
Suppose -17*n = -312134 + 18901. Is n prime?
False
Suppose 4*w - 24 = 36. Suppose -4*p + 0*q = 3*q + 12, 5*p + w = -3*q. Is (-79 - -5)/(1 + p) composite?
False
Is -2*3*13713/(-42) a prime number?
False
Let x = 23442 + 13159. Is x composite?
True
Suppose -8*m - 12293 = -11*m + 4*n, 3*m - 3*n = 12288. Is m a composite number?
False
Suppose -2*f = 3*i - 43, 97 = 5*f + 3*i + i. Let m = f - 12. Suppose y = -m*y + 498. Is y a composite number?
False
Is (-15 - (-4 - -2))/((-135)/235845) prime?
False
Suppose -v = -3*v + 464. Suppose -l - 3 = -2*l. Suppose 2*n = -2*n - 2*j + v, l*j = -6. Is n composite?
False
Suppose 5*q + 2606 = 7*q. Is q a prime number?
True
Suppose -t = 3*y + 9143, 4583 = -4*y + 2*t - 7591. Let n = -1535 - y. Is n composite?
False
Let q(h) be the second derivative of -8*h**5/5 - h**4/2 - h**3/3 + 13*h**2/2 - h + 11. Is q(-4) prime?
True
Suppose 23*g = 16*g + 70. Suppose 688 = g*q + 98. Is q a prime number?
True
Is 4 + -1 - -5 - -22683 composite?
False
Suppose -5*f - 17 = -h, 85 = -3*h + 8*h + 2*f. Suppose -5*d + 33 = -h. Is d prime?
False
Let w(a) = -146*a + 25. Let g(k) = -k**3 - 4*k**2 - 3*k - 6. Let s be g(-3). Is w(s) prime?
False
Let k = 12565 - 2160. Is k a composite number?
True
Let l(y) = 2*y**2 + 8*y + 2. Let i be l(-12). Suppose 4*o = 2*p - i, -3*o - 36 = -3*p + 240. Is p a prime number?
False
Let q(n) = -2*n**3 - 5*n**2 + n + 3. Suppose 0 = 4*g - 4*z + 40 - 4, 0 = -5*z + 10. Is q(g) a prime number?
False
Suppose 2*c - 4*p = 16950, c - 4*p = -8*p + 8499. Is c a composite number?
True
Let f(l) = l**3 + 46*l**2 + 81*l - 1. Is f(-44) a prime number?
True
Let v = 85040 - 42559. Is v a prime number?
False
Suppose -6*k + 20 = -16. Is k composite?
True
Let b(s) be the second derivative of -s**3/2 + 223*s**2 - 9*s. Let r be b(0). Suppose -296 = -2*l + r. Is l a composite number?
True
Suppose 3 = s - 4. Suppose -1172 = 3*o - s*o. Is o a prime number?
True
Let p be 35 + 1/(-3)*(-2 + -1). Let r be (-33)/9 + 2/3. Let t = p + r. Is t a prime number?
False
Let n be (-163340)/(-70) - 6/14. Suppose -2*m = 2*c - 4666, 3*m + n = c - 0*m. Is c a composite number?
False
Suppose -24*l = -28*l + 960. Suppose -u - l = -871. Is u prime?
True
Suppose 5*f - 602 - 1273 = 0. Suppose -3*g = -f + 12. Is g a prime number?
False
Let r = -10 - -1. Is (674/36 - (-2)/r)*2 a composite number?
False
Let p(n) = -29*n**3 - 9*n**2 - 17*n + 19. Let i(k) = -43*k**3 - 14*k**2 - 26*k + 29. Let a(s) = -5*i(s) + 8*p(s). Is a(-4) composite?
False
Let u(r) = -441*r**3 + 1. Let f be u(1). Let h = 519 - f. Is h composite?
True
Let o(y) = -4*y + 14 - 28 + 12 + 25*y**2. Is o(-6) a prime number?
False
Suppose -4*u = -0*u + 12. Let d(b) = -34*b**2 + 2*b + 2. Let o be d(u). Is (-8)/12 - o/6 prime?
False
Suppose -890 = -2*w + 2*q, -2*q + 16 = 2*q. Is (w + -2)/(8 + -4 + -3) prime?
False
Let q = 268 + 273. Is q composite?
False
Suppose 0*f - 14*f + 41426 = 0. Is f a composite number?
True
Let p = -132984 - -188057. Is p composite?
False
Suppose -14*m = -476695 + 42905. Is m a composite number?
True
Suppose 84 = d + 7. Let a = 135 - d. Is a prime?
False
Let a(n) = -n**3 + 2*n**2 + 3*n + 3. Suppose -4 + 5 = v + 3*t, 5*v = -3*t + 5. Suppose 2*f + v = -9. Is a(f) a prime number?
True
Let d be (2 - 2) + 2 - 1. Let i(v) = -229*v + d + 3 + 0. Is i(-3) a composite number?
False
Let p be 4 + 26/2 + -3. Suppose -10 - p = -6*q. Suppose -14 - 42 = -q*o. Is o composite?
True
Suppose 0 = 5*t + 320 + 730. Let l = t - 36. Let x = l + 361. Is x composite?
True
Suppose -124837 = -15*k + 258848. Is k a prime number?
True
Let a = -7825 - -11088. Is a a composite number?
True
Suppose 0 = 14*a + 31987 - 140193. Is a a composite number?
True
Let m(w) = -16938*w**2 - 3*w - 4. Let z be m(-2). Is (-2)/(-7) + 1 + z/(-35) a prime number?
False
Let u = 487 + 3550. Is u a composite number?
True
Let t be (-60)/5 + 18 + -13 + 0. Suppose -v = -3*q - 8, -2*q + 6*q + 12 = v. Is (120 - (t + 4)) + q a prime number?
False
Suppose -3*o - 5*s + 5719 = 0, 2*o + 855 - 4659 = s. Suppose o = 3*b - 4*g, 0*g - 1899 = -3*b + 3*g. Is b a composite number?
True
Let j(x) = -x**3 - 4*x**2 - 4*x - 4. Let m be j(-2). Let y = m - -9. Suppose -y*l + 4*h + 1152 = 201, -h = -5*l + 954. Is l a composite number?
False
Let l(u) be the second derivative of 19*u**4/12 - 11*u**2/2 + 10*u. Is l(-6) a prime number?
True
Suppose -55 = 4*u - 31. Is ((-4)/u)/(44/127314) a prime number?
False
Let n(i) = 20370*i - 241. Is n(2) prime?
True
Suppose 2*u - 7 = -23. Let n(j) = -2*j - 12. Let w be n(u). Is 1036/(-35)*(-10)/w prime?
False
Let q be -2 - ((-198)/3 - 4). Is (1010/20)/(2/q) prime?
False
Suppose 3*i + t = 30961, 6*t - 2*t = 16. Is i a prime number?
False
Suppose 0 = 2*q + 6, 0 = -6*b + 3*b - 2*q + 375. Is b a composite number?
False
Let s(l) = -2616*l - 3. Let g be s(-7). Let j = 12057 - g. Is 2/(-6) - j/18 a composite number?
False
Let p(y) = 1418*y - 7. Let z be p(2). Is (8 + -7)/(3/z) composite?
True
Let q(z) = -z**2 + 8*z + 12. Let k be q(7). Let w = 21 - k. Suppose -j - 2253 = -4*t + 4*j, -j = -w*t + 1119. Is t a composite number?
False
Let x(a) = 625*a - 7. Is x(2) prime?
False
Suppose -10193 = -14*v + 1693. Let f = v - -192. Is f prime?
False
Suppose -434087 + 78314 = -33*y. Is y a prime number?
True
Let x(l) = 9*l**2 + 4*l + 3 - 11*l**2 + 150*l**2. Is x(-2) composite?
False
Let r be 6800/11 - 8/44. Let j = r - -83. Is j a composite number?
False
Is (67 - 1413)/(1/2*-2) prime?
False
Let x = -43 + 67. Suppose 0 = 3*k + 5*p - x, -5*k - 3*p = -7*k - 3. Is (44/(-4))/(k/(-51)) a prime number?
False
Let w(u) = 487*u**2 - 7. Is w(-2) prime?
False
Suppose -d + 342 = i - 202, 0 = 5*d - i - 2714. Is d a composite number?
True
Let o(l) = l + 4. Let s be o(-10). Is (17265/10)/((-9)/s) a composite number?
False
Suppose -m - m = -864. Suppose -7*i + m = -1885. Is i composite?
False
Let d(i) = -i**2 + 2*i + 10. Let v be d(4). Suppose v*z = -0*z + s + 220, -s = -z + 109. Is z a prime number?
False
Suppose 3*c = 9, -4*s + 9*s - 5*c = 50